 0 = 3*f + 2*f + 20. What is the units digit of n?
9
Suppose 0 = t - 26 - 1. Let z(d) = d**3 + 11*d**2 - 14*d - 8. Let k be z(-12). What is the units digit of (t/6)/(6/k)?
2
Suppose -7 = 3*j - a, 2*j + a - 1 = -4. Let g = 0 - -1. What is the units digit of (g/3)/(j/(-18))?
3
Let k(b) = -b**3 + 5*b**2 + 7*b - 3. Let o be k(6). Suppose 2 = v - o. Suppose -v*x + 8 = -x. What is the units digit of x?
2
Let b(n) = -22*n + 1. Let d be b(-1). Let i = 32 - d. What is the units digit of i?
9
Suppose 2*k = -x + k + 12, -27 = -2*x - 5*k. Let p = -9 + x. What is the units digit of p?
2
Let r(o) = -12*o**3 - o - 1. Suppose -3*f - 2 = 1. What is the units digit of r(f)?
2
Suppose -3*l = 5*i - 143, 61 = l - 0*l - 5*i. What is the units digit of l?
1
Suppose -4*o = 0, -7*n = -2*n + 2*o + 20. Let l = 1 - n. Suppose 0 = -3*j - 2*k + 38, -4*k = -4*j - l*k + 49. What is the units digit of j?
2
Suppose 0*v + 38 = 2*v. Suppose 3 = -3*g, -2*b - 2*g = -v - 5. What is the tens digit of b?
1
Let h be (-8)/(-32) - (-14)/8. Suppose -f + 4*f + 4 = -5*s, -12 = h*f + s. What is the units digit of 38/6 + f/24?
6
Suppose 4*z - z - 9 = 0. What is the units digit of ((-51)/z)/(1 - 2)?
7
Suppose 0*b = 3*b - 60. What is the units digit of b?
0
Suppose 0*z = 4*z - 12. Suppose -z*i = 3*l - 24, 5*i = l + 94 - 30. Let d = 20 - i. What is the units digit of d?
8
Let g be -1 + 1 + 4/1. Suppose 0 = l + g - 32. What is the tens digit of l?
2
Let o(t) = -2*t + 3. Let g be o(2). Let k(l) = -l**2 - l - 1. Let p(a) = a**3 + 2*a**2 - 6*a - 5. Let q(v) = g*p(v) + 2*k(v). What is the units digit of q(-5)?
8
Let n = 76 + -52. What is the units digit of n?
4
Let r(f) = -f**2 + 16. Let z be r(0). Suppose -z = -9*d + 5*d. Suppose 2*x + 10 = d*b, 4*b + b - 12 = 2*x. What is the units digit of b?
2
Let m(p) be the third derivative of -p**5/60 + 5*p**4/24 + 3*p**3/2 - p**2. What is the tens digit of m(4)?
1
Suppose -y + 6 = -29. What is the tens digit of y?
3
What is the units digit of 3/12 + 38/8?
5
Suppose 4*c - 5*c + 11 = 0. Suppose -4*a = -1 - c. Suppose 0 = 2*m + a*m - 60. What is the tens digit of m?
1
Let x(k) = -3*k - 2. Suppose -11 = 2*v + 7. What is the tens digit of x(v)?
2
Suppose 4*d - 94 = 34. What is the units digit of d?
2
Let y(p) = p**3 + 3*p**2 + 2*p + 2. Let u be y(-2). Suppose u*d = -d. Suppose d = k - 4*h + 9 + 4, 2*k + 5*h - 39 = 0. What is the units digit of k?
7
Let x be ((-6)/(-7))/((-2)/(-7)). Suppose -34 = 4*n - 86. Suppose -2*d = -n + x. What is the units digit of d?
5
Let z(y) = 5*y**2 + 1. Let q be z(1). Let a be (-20)/q*(-12)/10. Suppose 0 = g - 3*g - 4*j + 34, a*j + 8 = 4*g. What is the units digit of g?
7
Let k = 352 - 166. Suppose 0 = 5*t - 19 - k. What is the units digit of t?
1
Let w be (-13 + -2)*1/(-3). Let q = 13 - w. What is the units digit of q?
8
Suppose -3*z = -5*z - 4*u - 18, z + 5*u + 21 = 0. Let y(i) = -i + 15. Let p be y(12). What is the units digit of 6/p - 1 - z?
2
Suppose 14*l = 12*l + 192. What is the tens digit of l?
9
Let k = -3 - -8. Suppose 4*m + 68 = 5*l, 0 = -4*l + k*m + 57 + 1. What is the tens digit of l?
1
Let r(s) = 1 + s**2 - 3*s + 5*s - s + 5*s**3 - 4*s**3. What is the units digit of r(0)?
1
Let w = 33 + -10. What is the tens digit of w?
2
Suppose -5*u + 204 = -2*s, 2*s = -4*u - 0*s + 156. What is the tens digit of u?
4
Suppose 19*v - 14*v = 340. Suppose 48 = 2*z + 4*g - v, -207 = -4*z - 3*g. What is the tens digit of z?
4
Let b(u) = -u**3 + 8*u**2 - 9*u + 7. Suppose 0 = -0*q + q - 6. What is the units digit of b(q)?
5
Let x = -7 + 12. Let v = 9 - x. What is the units digit of v?
4
Suppose 7*v - 3*v = 0. Suppose 13*p = 2*p. Suppose v = -w - p + 6. What is the units digit of w?
6
Let y(w) = -2*w + 27*w**2 - w**3 + 2*w**3 - 21*w**2 + 7 - w. What is the units digit of y(-6)?
5
Let u be ((-3)/2)/(9/12). Let x = 13 + u. What is the tens digit of x?
1
Suppose -4*f + 31 = g, 5*g - 2*f - f - 40 = 0. Suppose m - 2*l = g, 3*m + 2*m = 2*l + 15. What is the units digit of m?
1
Let b = 17 + -14. Let j(k) = 3*k - 3. What is the units digit of j(b)?
6
Let g be (-8)/6*9/(-2). Suppose 4*m - 2 - 10 = 0. What is the units digit of (-1 + m)*21/g?
7
Let s(l) be the second derivative of -l**4/12 + l**3 + 5*l**2/2 - l. What is the tens digit of s(5)?
1
Let z(y) = -y**3 - 12*y**2 - 12*y - 9. Let p be z(-11). Suppose -3*r = -3*f, 0 = 2*f + 2*r - r + 6. What is the units digit of p/(-4)*f + 8?
9
Let l = 6 + -3. Suppose -2 = -l*z + z. What is the units digit of (0 + z)/(2/30)?
5
Suppose 0*j + 3*j = -b - 51, 4*j + 244 = -5*b. Let d = b - -73. What is the units digit of d?
5
Let w(b) = b + 9. Let n(l) = l**3 + 7. Let q be n(0). What is the tens digit of w(q)?
1
Let r(t) be the second derivative of t**7/2520 - t**6/240 - t**5/60 - t**4/12 - 2*t. Let q(x) be the third derivative of r(x). What is the units digit of q(-2)?
8
Let g(p) = 2*p**3 - p**2 - 2*p + 2. Let w be g(2). Suppose 2*d = 4*u + 4, -2*d = 5*u + 3*d - w. What is the tens digit of (-2 - u) + 18/1?
1
Let j(i) = i**3 - i**2 + i + 2. Let d be j(0). Suppose -2*w = d*w + 16. What is the units digit of w/(-10) - (-72)/20?
4
Let d = -91 - -143. What is the units digit of d?
2
Suppose 4*n - 9 = 7. Suppose 11 = n*q - 101. What is the units digit of q?
8
Let v be (422/(-130) - (-2)/(-13))*-5. Let y = 2 - -1. Suppose -13 = -y*o + v. What is the tens digit of o?
1
Let k(s) = s**2 - s - 5. What is the units digit of k(4)?
7
Let a be 0 + 1/(4/16). Suppose -4*k + 5*v + 201 = 0, 3*k - 72 = -a*v + 40. What is the tens digit of k?
4
Let c(i) = -2*i**3 - 1. Let k be c(-2). Let r = 19 - 26. Let l = r + k. What is the units digit of l?
8
Let j(n) = -3*n + 22. What is the tens digit of j(-9)?
4
Suppose 3*m = 36 + 57. Suppose 2*l = m + 11. What is the units digit of l?
1
What is the units digit of (12/9)/(1/54)?
2
Let c(w) = w**2 - 2. Let i be c(0). What is the units digit of 332/12 + i/(-6)?
8
Suppose -270 = -10*l - 0*l. What is the tens digit of l?
2
Suppose 4*x = 4*d - 4, -5 = 5*x - 2*d + 5*d. Let g be ((-2)/x - 7) + -2. Let q = g + 12. What is the units digit of q?
5
Suppose 3*a - 21 = 3. What is the units digit of a?
8
Let k(d) = -d**2 - 8*d + 6. What is the units digit of k(-7)?
3
Let t(i) be the third derivative of 19*i**5/30 - i**4/12 + i**3/3 - 8*i**2. What is the tens digit of t(1)?
3
Let j be -2 + -3 + 5 + 18. What is the units digit of (-9 - -6)/((-2)/j)?
7
Let q(g) be the second derivative of -g**4/12 - 7*g**3/6 - 7*g**2/2 - 4*g. Let u be q(-5). Suppose -30 = -5*t + u*t. What is the tens digit of t?
1
Suppose -o - 4*i - 16 = 0, 0 = -9*i + 4*i - 25. Suppose 20 = o*f, -1 = -3*z + 5*f - 14. Suppose -z*r = -r - 39. What is the tens digit of r?
1
Let n(s) = 2*s + 5. What is the units digit of n(9)?
3
Let t = 15 + -14. Let h = -1 - -5. Suppose h - t = 3*m. What is the units digit of m?
1
Suppose -19 = -3*c + 2*f, -2*f - 2*f = -4. Let a = 12 - c. Let k(w) = 2*w - 3. What is the units digit of k(a)?
7
Suppose 2*n + 12 = -3*l, -2*n = -7*n - 5*l - 20. Suppose u - 2 = -n. What is the units digit of u?
2
Let x(b) = 6*b**2 + b + 1. Let z be x(-1). What is the units digit of z + 0 - (-15)/5?
9
What is the hundreds digit of (-7)/(-21) + (-892)/(-6) - 2?
1
What is the units digit of 15/(-10)*(-78)/9?
3
Suppose 4*v + 20 = 0, -2*o + 61 = -3*v - 68. Suppose -3 = 3*t - o. What is the tens digit of t?
1
Let y be (2 - -1) + -1 + 4. What is the units digit of 100/y*(-39)/(-26)?
5
Let j = 413 + -281. What is the tens digit of j?
3
Let a(r) = -r**2 - 8*r - 6. Let d(h) = -2*h**2 - 16*h - 12. Let l(o) = 7*a(o) - 3*d(o). Let c be ((-14)/(-6))/((-2)/6). What is the units digit of l(c)?
1
Let g be 3/(-2)*14/(-1). Suppose 2 = -a + g. What is the units digit of a?
9
Let a(o) = 5*o**2 - 3*o + 2. What is the units digit of a(6)?
4
Let t(v) = 2*v**2 - 4*v - 1. Let k(m) = -m**2 - 5*m + 1. Let l be k(-5). Let h = 4 - l. What is the units digit of t(h)?
5
Let i = 70 + -13. What is the tens digit of i?
5
Let x(r) = r + 20. What is the tens digit of x(5)?
2
Suppose -4*z + 294 = 2*h, -h = -2*z - z + 218. What is the tens digit of z?
7
Let g(k) = -6*k - 4. Let s be g(-3). Suppose o + 4*a = s + 15, o + 6 = 3*a. What is the units digit of o?
9
Let y(n) = -n + 20*n**2 - 8*n**2 + 0*n - 3. What is the units digit of y(2)?
3
Let k(h) = -4*h - 1. Let q be k(-2